23.
190
Calculate the remainder when 51845 is divided by 146.
15
Calculate the remainder when 935802 is divided by 90.
72
What is the remainder when 584 is divided by 224?
136
What is the remainder when 164611 is divided by 189?
181
What is the remainder when 19830 is divided by 82?
68
Calculate the remainder when 47047 is divided by 2940.
7
What is the remainder when 128776 is divided by 11691?
175
Calculate the remainder when 2822 is divided by 39.
14
What is the remainder when 2627748 is divided by 457?
455
Calculate the remainder when 2612 is divided by 1295.
22
Calculate the remainder when 36712 is divided by 1148.
1124
Calculate the remainder when 22256 is divided by 1298.
190
What is the remainder when 2716119 is divided by 220?
219
Calculate the remainder when 5098 is divided by 74.
66
Calculate the remainder when 19137 is divided by 184.
1
Calculate the remainder when 83475 is divided by 41.
40
What is the remainder when 1607 is divided by 35?
32
Calculate the remainder when 99754 is divided by 71.
70
Calculate the remainder when 42767 is divided by 329.
326
Calculate the remainder when 8655 is divided by 39.
36
What is the remainder when 21200 is divided by 28?
4
Calculate the remainder when 30406 is divided by 7596.
22
Calculate the remainder when 9705 is divided by 19.
15
Calculate the remainder when 3978 is divided by 1313.
39
Calculate the remainder when 89998 is divided by 53.
4
What is the remainder when 77092 is divided by 6?
4
What is the remainder when 4442 is divided by 738?
14
What is the remainder when 1401 is divided by 692?
17
What is the remainder when 67304 is divided by 79?
75
Calculate the remainder when 162357 is divided by 397.
381
What is the remainder when 56776 is divided by 167?
163
Calculate the remainder when 4890 is divided by 20.
10
What is the remainder when 1467451 is divided by 591?
589
What is the remainder when 6595 is divided by 1041?
349
What is the remainder when 13536 is divided by 499?
63
Calculate the remainder when 157171 is divided by 721.
714
Calculate the remainder when 235 is divided by 213.
22
Calculate the remainder when 126878 is divided by 742.
738
Calculate the remainder when 2147 is divided by 2014.
133
Calculate the remainder when 21796 is divided by 21613.
183
Calculate the remainder when 1809 is divided by 166.
149
What is the remainder when 78570 is divided by 9?
0
Calculate the remainder when 2449194 is divided by 27.
24
What is the remainder when 3798 is divided by 552?
486
Calculate the remainder when 4225716 is divided by 373.
372
What is the remainder when 129355 is divided by 44?
39
What is the remainder when 28717 is divided by 9448?
373
Calculate the remainder when 249883 is divided by 62456.
59
What is the remainder when 252287 is divided by 363?
2
What is the remainder when 1585917 is divided by 21?
18
Calculate the remainder when 52997 is divided by 12.
5
What is the remainder when 148 is divided by 118?
30
Calculate the remainder when 594565 is divided by 5829.
7
Calculate the remainder when 4357 is divided by 95.
82
What is the remainder when 1030 is divided by 101?
20
Calculate the remainder when 10086 is divided by 557.
60
What is the remainder when 21130 is divided by 15?
10
What is the remainder when 10147 is divided by 80?
67
What is the remainder when 368875 is divided by 92?
47
Calculate the remainder when 12669 is divided by 4205.
54
Calculate the remainder when 4530 is divided by 371.
78
Calculate the remainder when 4494671 is divided by 392.
391
Calculate the remainder when 13949 is divided by 3095.
1569
Calculate the remainder when 90261 is divided by 575.
561
What is the remainder when 713186 is divided by 55?
1
Calculate the remainder when 43598 is divided by 48.
14
What is the remainder when 1423046 is divided by 88?
86
Calculate the remainder when 560435 is divided by 6.
5
What is the remainder when 7564 is divided by 7?
4
What is the remainder when 14775 is divided by 2365?
585
What is the remainder when 19615 is divided by 19611?
4
Calculate the remainder when 386629 is divided by 77320.
29
Calculate the remainder when 6992 is divided by 1730.
72
What is the remainder when 222366 is divided by 66?
12
Calculate the remainder when 308990 is divided by 145.
140
What is the remainder when 8280 is divided by 436?
432
What is the remainder when 20175 is divided by 187?
166
What is the remainder when 127053 is divided by 3970?
13
What is the remainder when 30094 is divided by 574?
246
What is the remainder when 40780 is divided by 6793?
22
Calculate the remainder when 34840 is divided by 159.
19
Calculate the remainder when 5788352 is divided by 1094.
1092
What is the remainder when 8804 is divided by 49?
33
What is the remainder when 492502 is divided by 554?
550
Calculate the remainder when 29488 is divided by 14743.
2
Calculate the remainder when 13191 is divided by 3.
0
What is the remainder when 2047 is divided by 226?
13
What is the remainder when 864 is divided by 63?
45
What is the remainder when 26897 is divided by 499?
450
What is the remainder when 17710 is divided by 15?
10
What is the remainder when 3573 is divided by 138?
123
Calculate the remainder when 4155 is divided by 3425.
730
Calculate the remainder when 5269 is divided by 237.
55
What is the remainder when 3822 is divided by 87?
81
What is the remainder when 30141 is divided by 60?
21
Calculate the remainder when 314658 is divided by 157324.
10
Calculate the remainder when 7137 is divided by 1425.
12
Calculate the remainder when 44411 is divided by 621.
320
What is the remainder when 3930 is divided by 82?
76
Calculate the remainder when 2899 is divided by 289.
9
Calculate the remainder when 254786 is divided by 84921.
23
What is the remainder when 1123 is divided by 1089?
34
What is the remainder when 83966 is divided by 273?
155
Calculate the remainder when 4158 is divided by 67.
4
What is the remainder when 1383 is divided by 119?
74
What is the remainder when 1914758 is divided by 163?
160
What is the remainder when 22739 is divided by 7570?
29
What is the remainder when 14423 is divided by 1742?
487
Calculate the remainder when 4982 is divided by 168.
110
Calculate the remainder when 25198 is divided by 315.
313
Calculate the remainder when 36574 is divided by 468.
70
What is the remainder when 15609 is divided by 2838?
1419
What is the remainder when 6671 is divided by 306?
245
What is the remainder when 72112 is divided by 913?
898
What is the remainder when 46721 is divided by 53?
28
What is the remainder when 11351 is divided by 2566?
1087
Calculate the remainder when 9550 is divided by 642.
562
Calculate the remainder when 112743 is divided by 874.
871
Calculate the remainder when 1604 is divided by 103.
59
What is the remainder when 1531 is divided by 22?
13
What is the remainder when 27878 is divided by 417?
356
Calculate the remainder when 165800 is divided by 182.
180
What is the remainder when 54394 is divided by 215?
214
What is the remainder when 129797 is divided by 59?
56
Calculate the remainder when 15009 is divided by 20.
9
Calculate the remainder when 10921 is divided by 10819.
102
What is the remainder when 233538 is divided by 1382?
1362
Calculate the remainder when 1066 is divided by 191.
111
What is the remainder when 2800 is divided by 1340?
120
Calculate the remainder when 910791 is divided by 37.
36
What is the remainder when 18810 is divided by 1880?
10
What is the remainder when 44885 is divided by 6394?
127
Calculate the remainder when 46437 is divided by 30.
27
Calculate the remainder when 1500950 is divided by 503.
501
What is the remainder when 6229 is divided by 10?
9
Calculate the remainder when 69655 is divided by 13931.
0
What is the remainder when 77671 is divided by 217?
202
Calculate the remainder when 8586 is divided by 8511.
75
What is the remainder when 187332 is divided by 105?
12
Calculate the remainder when 39724 is divided by 3965.
74
What is the remainder when 4011 is divided by 836?
667
What is the remainder when 55724 is divided by 107?
84
Calculate the remainder when 86286 is divided by 51.
45
What is the remainder when 4512 is divided by 1243?
783
What is the remainder when 6599 is divided by 31?
27
What is the remainder when 15